 (base 12) to base 2.
-100110011110110110000
Convert -121143123 (base 5) to base 16.
-8acda
Convert 970d20 (base 16) to base 6.
552102024
Convert 61032604 (base 8) to base 2.
110001000011010110000100
36550514 (base 7) to base 13
8a78a4
Convert -6a27a0 (base 12) to base 13.
-47904c
What is 11122100220 (base 3) in base 6?
1543040
What is 25908 (base 13) in base 10?
69636
What is -10100000110011101100011 (base 2) in base 14?
-9b245d
25005230 (base 6) to base 8
3017322
Convert -b6829 (base 13) to base 15.
-67610
Convert -1540321 (base 7) to base 5.
-23231300
What is 2037451 (base 8) in base 4?
2003330221
124022143 (base 5) to base 2
10010101001001101011
-303544 (base 8) to base 11
-69308
What is 40220034 (base 5) in base 15?
64c49
Convert 204135 (base 9) to base 4.
131210213
5323034 (base 10) to base 11
3006302
6526a (base 12) to base 9
223021
Convert 20251252 (base 6) to base 4.
2032021100
What is -391020 (base 10) in base 5?
-100003040
-506408 (base 9) to base 10
-299951
1001111101101000101010 (base 2) to base 16
27da2a
What is 100001100010110 (base 2) in base 3?
212120002
Convert 204717a (base 11) to base 4.
31301221023
What is -26dbd1 (base 14) in base 2?
-101001000001010011011
-2468a4 (base 14) to base 9
-2311207
Convert 265e6e (base 15) to base 13.
4c6919
Convert 14786 (base 10) to base 14.
5562
13002212310 (base 5) to base 3
1002110210012222
What is -307b6 (base 15) in base 8?
-454025
Convert 132201013 (base 4) to base 2.
11110100001000111
What is -112111011211 (base 3) in base 5?
-33111134
What is -1a008 (base 12) in base 6?
-452012
Convert 1284840 (base 10) to base 3.
2102021110200
What is -4340431 (base 5) in base 11?
-50a6a
Convert -115ac4 (base 13) to base 2.
-1100100110000010001
What is 20220110020 (base 3) in base 4?
201023310
Convert 466645 (base 7) to base 8.
244063
-2112332302 (base 4) to base 15
-c337d
10551451 (base 6) to base 14
86995
Convert 64075 (base 10) to base 12.
310b7
Convert 12845568 (base 9) to base 13.
141388a
What is -1474205 (base 9) in base 5?
-202113042
13695 (base 13) to base 6
440000
-52895 (base 12) to base 10
-108401
What is 3969286 (base 12) in base 5?
10400302143
Convert caf70 (base 16) to base 9.
1506345
What is 301333 (base 8) in base 7?
561506
307425 (base 8) to base 10
102165
-211354 (base 7) to base 12
-19194
Convert -1075414 (base 9) to base 14.
-111c10
Convert -4234043002 (base 5) to base 4.
-201323100332
What is 31021040 (base 6) in base 11?
558161
Convert -4015331 (base 6) to base 7.
-1415251
Convert 3709b44 (base 12) to base 11.
605a8a5
-335229 (base 10) to base 3
-122000211220
Convert -1660533 (base 10) to base 7.
-20054130
Convert -771833 (base 9) to base 10.
-460677
2320020230 (base 4) to base 14
158c0c
-439ccc (base 15) to base 5
-1311111032
Convert -211300343 (base 5) to base 16.
-d7ef9
Convert a479 (base 14) to base 5.
1401311
11010120202 (base 3) to base 5
10100334
25867 (base 11) to base 9
55646
What is 131232301 (base 6) in base 3?
11212101102001
What is 1379 (base 15) in base 3?
12201020
1bfdb0 (base 16) to base 8
6776660
What is 5e22e (base 15) in base 2?
1001001011101000101
Convert -5a102 (base 15) to base 10.
-287102
-20401310 (base 5) to base 14
-45803
What is 914f17 (base 16) in base 15?
c81947
Convert -45561 (base 9) to base 2.
-111011010001101
Convert 220001210202 (base 3) to base 8.
1635154
What is -63b86 (base 12) in base 16?
-200d6
-1404477 (base 9) to base 4
-2330032003
What is -102012311 (base 4) in base 5?
-4333130
What is 4901320 (base 11) in base 10?
8537419
-18603561 (base 9) to base 3
-122200010122001
1030432 (base 10) to base 2
11111011100100100000
db4f0 (base 16) to base 5
212221123
Convert -2412b (base 12) to base 10.
-48563
-1201222202202 (base 3) to base 11
-581a08
What is -53398 (base 11) in base 4?
-102331210
-1104132442 (base 5) to base 4
-21030301212
35563461 (base 7) to base 2
1100000011001000110111
What is 466461 (base 8) in base 15?
321ba
Convert -154687 (base 9) to base 2.
-10111010001100111
-10714305 (base 9) to base 3
-100210111100012
-309c71 (base 13) to base 3
-2010200222122
Convert 38267 (base 12) to base 6.
1345411
256a6 (base 11) to base 9
55405
What is -1101111101100101100010 (base 2) in base 6?
-210241014
-241bf (base 16) to base 11
-a1138
What is -13130 (base 13) in base 3?
-1210111122
Convert 111000010101001011 (base 2) to base 13.
81037
Convert 134b101 (base 14) to base 10.
9327053
Convert 2713364 (base 8) to base 5.
143301130
What is -19a3a0a (base 13) in base 2?
-100000010010000000001011
Convert 3523226 (base 7) to base 9.
744525
4375c (base 16) to base 10
276316
Convert 330533114 (base 6) to base 7.
101223436
What is 153aa (base 14) in base 11?
367a8
What is 1031444 (base 7) in base 12?
606bb
Convert -2447d (base 15) to base 13.
-40903
Convert -5241413 (base 6) to base 13.
-8ba31
What is 71934 (base 11) in base 10?
104944
-10201424300 (base 5) to base 8
-50261671
Convert -58825 (base 15) to base 5.
-33010320
197e2 (base 15) to base 2
10100001101100011
What is -122221000011 (base 3) in base 16?
-56248
Convert -141003 (base 5) to base 3.
-21220002
Convert -b4ab (base 12) to base 8.
-46403
-1a5843 (base 13) to base 11
-417940
Convert 9b509 (base 14) to base 10.
376917
What is 1002110210000 (base 3) in base 14?
1115b4
-547524 (base 8) to base 2
-101100111101010100
Convert 45652230 (base 7) to base 3.
21112000120120
Convert -1323110313 (base 5) to base 7.
-40215110
What is 11142103142 (base 5) in base 4?
233201023200
What is 5b4b1 (base 13) in base 16?
28f70
-2212121 (base 7) to base 13
-96aac
What is 100001101100111101001100 (base 2) in base 12?
2b60950
3f656b (base 16) to base 5
2030422411
31ce8 (base 16) to base 11
12a302
Convert -41617 (base 9) to base 3.
-1101200121
What is 275c8 (base 14) in base 15?
1dbeb
What is -11323111131 (base 4) in base 15?
-20a58c
Convert 231014043 (base 5) to base 2.
11111100000011001110
-1001101101101011110 (base 2) to base 8
-1155536
What is 49c01 (base 13) in base 12?
66892
Convert 4315403 (base 7) to base 14.
d963a
What is 20401302 (base 5) in base 2?
101001001111111000
Convert 581645 (base 14) to base 12.
1008439
-105401312 (base 6) to base 11
-1108895
-2a3318 (base 11) to base 13
-13731c
Convert -72c778 (base 13) to base 3.
-12001100111201
What is 4ba01 (base 12) in base 14?
29973
What is -21442311 (base 5) in base 16?
-2db46
-112221200122010 (base 3) to base 6
-442150133
-4362600 (base 9) to base 6
-122124513
Convert 1ab191 (base 14) to base 13.
274707
What is -10aa3 (base 14) in base 2?
-1001111001000111
What is 14110231 (base 7) in base 5?
314012332
What is 16040 (base 12) in base 5?
1444102
-222013320221 (base 4) to base 13
-2398142
31304441 (base 8) to base 2
11001011000100100100001
-112131301 (base 4) to base 3
-11200020001
Convert -55640521 (base 7) to base 9.
-10051201
What is -100110200202 (base 3) in base 14?
-4bd05
What is 31385 (base 10) in base 2?
111101010011001
2350102 (base 6) to base 13
44099
311301221210 (base 4) to base 10
14096996
What is -c2a9d (base 14) in base 16?
-72663
221101000 (base 3) to base 12
a853
Convert 289596 (base 10) to base 11.
18863a
Convert 10120000120222 (base 3) to base 4.
13031123033
What is -1c24a (base 16) in base 13?
-40613
What is -373957 (base 10) in base 8?
-1332305
Convert -d71f7 (base 16) to base 15.
-12612d
What is 4511344 (base 8) in base 10?
1217252
What is 1ab05 (base 14) in base 5?
4134032
Convert -12213077 (base 9) to base 11.
-340a479
6704672 (base 9) to base 4
31300033100
Convert 84187 (base 11) to base 13.
43ab0
What is 1565340 (base 7) in base 5?
23433410
Convert -20b580 (base 13) to base 16.
-bb6d6
What is -10434023 (base 7) in base 10?
-899363
What is 1281345 (base 9) in base 5?
134444130
What is 5931399 (base 10) in base 5?
3004301044
Convert 5463102 (base 7) to base 15.
d3c09
Convert -11001001100101001111 (base 2) to base 15.
-1149a4
What is -11100111110100 (base 2) in base 9?
-22314
331405 (base 6) to base 4
12232331
-17071408 (base 9) to base 10
-8550044
Convert 453024 (base 6) to base 13.
14542
What is -1000101010110001101 (base 2) in base 9?
-472565
c39d3 (base 14) to base 15
94918
Convert 6509117 (base 11) to base 4.
223222213103
Convert -100111010100001011010011 (base 2) to base 11.
-58aa277
Convert 2d173e (base 15) to base 12.
8927b8
13